2122 is divided by 20.
2
Calculate the remainder when 12859 is divided by 1166.
33
Calculate the remainder when 70808 is divided by 64.
24
What is the remainder when 2907 is divided by 36?
27
Calculate the remainder when 9510 is divided by 9492.
18
What is the remainder when 985 is divided by 403?
179
Calculate the remainder when 153365 is divided by 626.
621
Calculate the remainder when 11494 is divided by 209.
208
What is the remainder when 1671164 is divided by 45?
44
Calculate the remainder when 832191 is divided by 199.
172
Calculate the remainder when 22125 is divided by 5524.
29
What is the remainder when 21663 is divided by 504?
495
Calculate the remainder when 2027 is divided by 243.
83
What is the remainder when 59661 is divided by 19849?
114
What is the remainder when 55154 is divided by 11030?
4
What is the remainder when 11738 is divided by 301?
300
What is the remainder when 3083 is divided by 815?
638
Calculate the remainder when 8399 is divided by 4173.
53
Calculate the remainder when 17666 is divided by 211.
153
What is the remainder when 7735 is divided by 233?
46
What is the remainder when 253843 is divided by 32?
19
What is the remainder when 1335837 is divided by 7?
6
Calculate the remainder when 120413 is divided by 506.
491
What is the remainder when 37767 is divided by 18883?
1
Calculate the remainder when 163310 is divided by 101.
94
What is the remainder when 12363 is divided by 2994?
387
Calculate the remainder when 21669 is divided by 21594.
75
Calculate the remainder when 61479 is divided by 145.
144
What is the remainder when 18970 is divided by 306?
304
What is the remainder when 489 is divided by 101?
85
Calculate the remainder when 528812 is divided by 521.
518
Calculate the remainder when 743837 is divided by 11.
6
What is the remainder when 4440 is divided by 1091?
76
Calculate the remainder when 2540541 is divided by 32.
29
Calculate the remainder when 4658 is divided by 1549.
11
What is the remainder when 8168 is divided by 907?
5
Calculate the remainder when 1079 is divided by 89.
11
Calculate the remainder when 3743 is divided by 1235.
38
What is the remainder when 15669 is divided by 23?
6
What is the remainder when 2409 is divided by 9?
6
Calculate the remainder when 69214 is divided by 69210.
4
What is the remainder when 355655 is divided by 29637?
11
Calculate the remainder when 1844 is divided by 22.
18
Calculate the remainder when 17568 is divided by 268.
148
What is the remainder when 254714 is divided by 45?
14
What is the remainder when 21720 is divided by 1288?
1112
Calculate the remainder when 5051 is divided by 29.
5
Calculate the remainder when 41736 is divided by 121.
112
What is the remainder when 2684 is divided by 488?
244
What is the remainder when 690995 is divided by 56?
11
Calculate the remainder when 531 is divided by 179.
173
What is the remainder when 476773 is divided by 476773?
0
Calculate the remainder when 158610 is divided by 30.
0
Calculate the remainder when 602 is divided by 68.
58
Calculate the remainder when 29099 is divided by 54.
47
What is the remainder when 15335 is divided by 77?
12
Calculate the remainder when 10497 is divided by 175.
172
Calculate the remainder when 8138 is divided by 1286.
422
Calculate the remainder when 46536 is divided by 2300.
536
Calculate the remainder when 445 is divided by 80.
45
Calculate the remainder when 333784 is divided by 117.
100
What is the remainder when 620287 is divided by 18?
7
Calculate the remainder when 888006 is divided by 153.
147
Calculate the remainder when 33980 is divided by 32.
28
What is the remainder when 30707 is divided by 76?
3
What is the remainder when 4209 is divided by 6?
3
Calculate the remainder when 6456 is divided by 199.
88
What is the remainder when 46309 is divided by 7716?
13
What is the remainder when 63026 is divided by 78?
2
What is the remainder when 5940 is divided by 339?
177
Calculate the remainder when 122585 is divided by 40858.
11
Calculate the remainder when 35630 is divided by 17.
15
What is the remainder when 40501 is divided by 70?
41
Calculate the remainder when 45807 is divided by 52.
47
What is the remainder when 13351 is divided by 303?
19
Calculate the remainder when 35227 is divided by 35224.
3
What is the remainder when 3294 is divided by 1094?
12
What is the remainder when 2349 is divided by 294?
291
Calculate the remainder when 153334 is divided by 20.
14
What is the remainder when 1689 is divided by 1613?
76
What is the remainder when 8975 is divided by 8969?
6
Calculate the remainder when 13482 is divided by 964.
950
What is the remainder when 11267 is divided by 321?
32
What is the remainder when 512 is divided by 46?
6
Calculate the remainder when 41187 is divided by 3430.
27
What is the remainder when 3011 is divided by 33?
8
What is the remainder when 15014 is divided by 341?
10
Calculate the remainder when 1063 is divided by 122.
87
Calculate the remainder when 2777 is divided by 275.
27
Calculate the remainder when 1038 is divided by 435.
168
Calculate the remainder when 65818 is divided by 5455.
358
What is the remainder when 734559 is divided by 73454?
19
What is the remainder when 1334534 is divided by 741?
734
Calculate the remainder when 122207 is divided by 11.
8
What is the remainder when 30310 is divided by 10099?
13
What is the remainder when 26388 is divided by 11?
10
What is the remainder when 19612 is divided by 6192?
1036
What is the remainder when 6427 is divided by 813?
736
Calculate the remainder when 273304 is divided by 27329.
14
What is the remainder when 62965 is divided by 176?
133
Calculate the remainder when 4770 is divided by 1401.
567
What is the remainder when 8309 is divided by 103?
69
Calculate the remainder when 30308 is divided by 5.
3
What is the remainder when 1292 is divided by 72?
68
Calculate the remainder when 11536 is divided by 3829.
49
Calculate the remainder when 80328 is divided by 197.
149
Calculate the remainder when 46421 is divided by 7693.
263
What is the remainder when 10965 is divided by 2680?
245
What is the remainder when 5308 is divided by 44?
28
What is the remainder when 8302 is divided by 1327?
340
Calculate the remainder when 2231 is divided by 245.
26
Calculate the remainder when 677214 is divided by 3.
0
Calculate the remainder when 1590 is divided by 210.
120
What is the remainder when 3302 is divided by 348?
170
Calculate the remainder when 9 is divided by 2.
1
What is the remainder when 205288 is divided by 20?
8
What is the remainder when 3411747 is divided by 11?
9
What is the remainder when 9019 is divided by 600?
19
What is the remainder when 66714 is divided by 27?
24
Calculate the remainder when 2861 is divided by 1055.
751
Calculate the remainder when 192800 is divided by 192790.
10
What is the remainder when 8707 is divided by 371?
174
What is the remainder when 984185 is divided by 321?
320
What is the remainder when 1100 is divided by 1092?
8
What is the remainder when 7494 is divided by 2497?
3
What is the remainder when 2726 is divided by 904?
14
What is the remainder when 4204 is divided by 318?
70
Calculate the remainder when 6261 is divided by 34.
5
Calculate the remainder when 33827 is divided by 50.
27
Calculate the remainder when 242810 is divided by 80925.
35
What is the remainder when 1420 is divided by 209?
166
Calculate the remainder when 1144 is divided by 1093.
51
What is the remainder when 6156 is divided by 308?
304
What is the remainder when 22416 is divided by 15?
6
What is the remainder when 10402 is divided by 253?
29
What is the remainder when 6307 is divided by 156?
67
What is the remainder when 2846 is divided by 46?
40
Calculate the remainder when 7742 is divided by 7711.
31
What is the remainder when 32207 is divided by 31?
29
What is the remainder when 79870 is divided by 355?
350
Calculate the remainder when 43535 is divided by 163.
14
Calculate the remainder when 2352 is divided by 102.
6
Calculate the remainder when 3959274 is divided by 21.
18
Calculate the remainder when 233621 is divided by 590.
571
Calculate the remainder when 34946 is divided by 80.
66
What is the remainder when 262943 is divided by 332?
331
What is the remainder when 48579 is divided by 6938?
13